{"id":1501,"date":"2024-12-21T16:45:20","date_gmt":"2024-12-21T16:45:20","guid":{"rendered":"https:\/\/www.klubat.net\/?page_id=1501"},"modified":"2024-12-21T17:22:16","modified_gmt":"2024-12-21T17:22:16","slug":"accion-profuturo-compartido","status":"publish","type":"page","link":"http:\/\/www.klubat.net\/index.php\/accion-profuturo-compartido\/","title":{"rendered":"Acci\u00f3n Profuturo compartido"},"content":{"rendered":"\n<p>www<a href=\"https:\/\/www.kiva.org\/borrow\">https:\/\/www.kiva.org\/borrow<\/a><\/p>\n\n\n\n<h1 class=\"wp-block-heading\">Financia colectivamente tu sue\u00f1o y<br>cambia tu vida.<\/h1>\n\n\n\n<p>Pr\u00e9stamos al 0% de inter\u00e9s para<br>peque\u00f1as empresas de EE. UU.<\/p>\n\n\n\n<p><a href=\"https:\/\/www.kiva.org\/borrower\/minimum-eligibility\">Empezar<\/a><a href=\"https:\/\/www.kiva.org\/my\/borrower\/application\">Continuar con la aplicaci\u00f3n<\/a><\/p>\n\n\n\n<p>Kiva es una organizaci\u00f3n sin fines de lucro que ampl\u00eda el acceso al capital para emprendedores de todo el mundo. M\u00e1s de 2,5 millones de personas han recaudado m\u00e1s de mil millones de d\u00f3lares en Kiva. \u00bfPodr\u00edas ser t\u00fa el pr\u00f3ximo?<\/p>\n\n\n\n<h1 class=\"wp-block-heading\">Lo que nos hace \u00fanicos<\/h1>\n\n\n\n<p>Hasta $15,000 al 0% de inter\u00e9s<\/p>\n\n\n\n<p>S\u00ed, 0 % de inter\u00e9s, sin trampas. Somos una organizaci\u00f3n sin fines de lucro cuyo objetivo es ampliar el acceso al capital.<\/p>\n\n\n\n<p><strong>Marketing gratuito y nuevos clientes<\/strong><\/p>\n\n\n\n<p>Comercialice su producto a la comunidad de Kiva de 1,6 millones de prestamistas solidarios.<\/p>\n\n\n\n<h2 class=\"wp-block-heading\">Aplicar<\/h2>\n\n\n\n<p>20-30 minutos<\/p>\n\n\n\n<p>Descubra si est\u00e1 precalificado y luego complete f\u00e1cilmente nuestra solicitud en l\u00ednea.<\/p>\n\n\n\n<h2 class=\"wp-block-heading\">Invitar<\/h2>\n\n\n\n<p>Hasta 15 d\u00edas<\/p>\n\n\n\n<p>Demuestre su solvencia invitando a sus amigos y familiares a prestarle dinero.<\/p>\n\n\n\n<h2 class=\"wp-block-heading\">Recaudar fondos<\/h2>\n\n\n\n<p>Hasta 30 d\u00edas<\/p>\n\n\n\n<p>Hazte p\u00fablico en Kiva y tu pr\u00e9stamo ser\u00e1 visible para m\u00e1s de 1,6 millones de prestamistas en todo el mundo.<\/p>\n\n\n\n<h2 class=\"wp-block-heading\">Pagar<\/h2>\n\n\n\n<p>Hasta 36 meses<\/p>\n\n\n\n<p>Aumente su&nbsp;base de clientes pagando su pr\u00e9stamo Kiva.<\/p>\n\n\n\n<p><a href=\"https:\/\/www.kiva.org\/borrow\">Aplicar ahora<\/a><\/p>\n\n\n\n<p>\u201cEl pr\u00e9stamo para peque\u00f1as empresas al 0% que es real\u201d.<\/p>\n\n\n\n<p>\u201c\u2026menos impersonal que el enfoque basado en datos adoptado por los prestamistas tradicionales\u201d.<\/p>\n\n\n\n<p><strong>\u201cLa mejor ventaja: no hay intereses\u201d.<\/strong><\/p>\n\n\n\n<p>En Kiva, creemos en el car\u00e1cter por encima del cr\u00e9dito y en el poder de los pr\u00e9stamos comunitarios. Debido a estas creencias, ofrecemos oportunidades de financiaci\u00f3n para emprendedores que los prestamistas convencionales no ofrecen.<\/p>\n\n\n\n<h2 class=\"wp-block-heading\">Esto es lo que necesitas para calificar<\/h2>\n\n\n\n<ul class=\"wp-block-list\">\n<li>Debes estar viviendo en los EE. UU.<\/li>\n\n\n\n<li>Debes tener al menos 18 a\u00f1os<\/li>\n\n\n\n<li>Debe utilizar este pr\u00e9stamo para fines comerciales.<\/li>\n<\/ul>\n\n\n\n<p><a href=\"https:\/\/www.kiva.org\/borrow\">Vea si califica<\/a><\/p>\n\n\n\n<h2 class=\"wp-block-heading\">Preguntas frecuentes<\/h2>\n\n\n\n<p><strong>\u00bfCalifico para un pr\u00e9stamo de Kiva?<\/strong><\/p>\n\n\n\n<p>A diferencia de los pr\u00e9stamos bancarios tradicionales, los pr\u00e9stamos de Kiva no requieren una calificaci\u00f3n crediticia m\u00ednima, a\u00f1os de documentaci\u00f3n de flujo de efectivo o garant\u00edas. Pero s\u00ed debe cumplir con los siguientes criterios m\u00ednimos para ser considerado:<\/p>\n\n\n\n<ul class=\"wp-block-list\">\n<li>Usted y su empresa deben tener su sede en los Estados Unidos.<\/li>\n\n\n\n<li>Debes ser mayor de 18 a\u00f1os.<\/li>\n\n\n\n<li>Debe utilizar el pr\u00e9stamo para fines comerciales.<\/li>\n\n\n\n<li>Su empresa no debe participar en ninguna de las siguientes actividades: marketing multinivel\/ventas directas; actividades ilegales (por ejemplo, juegos de azar, estafas); o inversiones puramente financieras (por ejemplo, acciones).<\/li>\n\n\n\n<li>Actualmente no puede estar en ejecuci\u00f3n hipotecaria, en quiebra o bajo ning\u00fan gravamen.<\/li>\n\n\n\n<li>Debes estar dispuesto a demostrar tu capital social pidiendo a un peque\u00f1o n\u00famero de amigos y familiares que te hagan un pr\u00e9stamo.<\/li>\n<\/ul>\n\n\n\n<p><strong>\u00bfC\u00f3mo funciona el proceso de pr\u00e9stamo?<\/strong><\/p>\n\n\n\n<p>Para solicitar un pr\u00e9stamo de Kiva US, inicie una solicitud&nbsp;<a href=\"https:\/\/www.kiva.org\/borrow\" target=\"_blank\" rel=\"noreferrer noopener\">aqu\u00ed<\/a>&nbsp;.<br><br>La solicitud es completamente en l\u00ednea y demora entre 30 minutos y una hora en completarse. Una vez que complete la solicitud, un miembro del equipo de Kiva US se comunicar\u00e1 con usted para comprender mejor su negocio y hacerle preguntas de seguimiento. Despu\u00e9s de revisar la solicitud completa, el equipo de Kiva US determinar\u00e1 el monto del pr\u00e9stamo para el que califica y le notificar\u00e1 los pr\u00f3ximos pasos.<br><br>Si se aprueba su solicitud, le pediremos que demuestre su solvencia crediticia a trav\u00e9s de nuestra evaluaci\u00f3n social \u00fanica.<\/p>\n\n\n\n<p><strong>\u00bfQu\u00e9 es la suscripci\u00f3n social y por qu\u00e9 es un requisito para obtener un pr\u00e9stamo de Kiva US?<\/strong><\/p>\n\n\n\n<p>En la solicitud, le solicitaremos informaci\u00f3n financiera b\u00e1sica sobre usted y su empresa.<\/p>\n\n\n\n<p>Le pediremos que prepare su perfil p\u00fablico, que incluye una foto de usted y su empresa. Tambi\u00e9n le pediremos algunos p\u00e1rrafos sobre qui\u00e9n es usted, a qu\u00e9 se dedica su empresa y para qu\u00e9 planea utilizar el pr\u00e9stamo.<\/p>\n\n\n\n<p>Puede encontrar consejos y trucos \u00fatiles sobre c\u00f3mo enviar una excelente foto y una historia empresarial&nbsp;<a href=\"http:\/\/www.kivaushub.org\/application\">aqu\u00ed<\/a>&nbsp;.<\/p>\n\n\n\n<p><strong>\u00bfQu\u00e9 necesito preparar para solicitar un pr\u00e9stamo Kiva?<\/strong><\/p>\n\n\n\n<p>En Kiva, imaginamos un mundo en el que la solvencia de una persona se determine por la fortaleza de su car\u00e1cter y no por su historial crediticio. Estamos trabajando para reinsertar las relaciones humanas en el sistema financiero mediante el uso de la evaluaci\u00f3n de la solvencia de nuestros prestatarios mediante la evaluaci\u00f3n de la solvencia social.<\/p>\n\n\n\n<p>Para demostrar el capital social, exigimos a todos los prestatarios que obtengan el apoyo de su comunidad a trav\u00e9s del Per\u00edodo de recaudaci\u00f3n de fondos privado. Durante este per\u00edodo de 15 d\u00edas, solicitamos a los prestatarios que recluten a una cierta cantidad de prestamistas de su red para que les presten antes de que el pr\u00e9stamo se publique en Kiva.<\/p>\n\n\n\n<p>Consideramos que esto es una medida importante de la red de confianza del prestatario y esperamos que estos prestamistas lo hagan responsable de pagar su pr\u00e9stamo.<\/p>\n\n\n\n<p>Si bien el Per\u00edodo de recaudaci\u00f3n de fondos privado es una herramienta que utilizamos para evaluar la solvencia crediticia de un prestatario, tambi\u00e9n hemos descubierto que aumenta las posibilidades de \u00e9xito de un prestatario en Kiva, ya que los pr\u00e9stamos se recaudan mucho m\u00e1s r\u00e1pidamente cuando la red inmediata del prestatario participa durante la recaudaci\u00f3n de fondos.<\/p>\n\n\n\n<p>Dependiendo del tama\u00f1o del pr\u00e9stamo y de m\u00faltiples factores, los prestatarios deben invitar entre 5 y 35 prestamistas dentro de su red.<br><a href=\"http:\/\/www.kivaushub.org\/application\"><\/a><\/p>\n\n\n\n<p><strong>\u00bfQu\u00e9 tipos de empresas obtienen financiaci\u00f3n en Kiva?<\/strong><\/p>\n\n\n\n<p>Kiva apoya a una variedad de empresas, incluidos agricultores, propietarios de peluquer\u00edas, organizadores de eventos y m\u00e1s. Puedes consultar las empresas que actualmente est\u00e1n recaudando fondos&nbsp;<a href=\"https:\/\/www.kiva.org\/lend\/kiva-u-s\">aqu\u00ed<\/a>&nbsp;.<a href=\"https:\/\/www.kiva.org\/lend\/kiva-u-s\"><\/a><\/p>\n\n\n\n<p><strong>\u00bfC\u00f3mo utilizan los emprendedores su pr\u00e9stamo Kiva?<\/strong><\/p>\n\n\n\n<p>Los empresarios utilizan sus pr\u00e9stamos de muchas maneras diferentes. Algunos ejemplos incluyen:<\/p>\n\n\n\n<ul class=\"wp-block-list\">\n<li>Un pr\u00e9stamo de $4,000 para iniciar la producci\u00f3n comercial de barras de granola, que emplea a personas que han estado encarceladas.<\/li>\n\n\n\n<li>Un pr\u00e9stamo de $5,000 para material de marketing para expandir una organizaci\u00f3n sin fines de lucro.<\/li>\n\n\n\n<li>Un pr\u00e9stamo de $10,000 para construir un refrigerador para una granja org\u00e1nica.<\/li>\n\n\n\n<li>Un pr\u00e9stamo de $3,000 para ayudar a un inmigrante de primera generaci\u00f3n a crear un sitio web para su negocio de crema de avellanas.<\/li>\n\n\n\n<li>Un pr\u00e9stamo de $1,000 para pagar un puesto en una feria de joyer\u00eda artesanal.<\/li>\n<\/ul>\n\n\n\n<p><strong>\u00bfQu\u00e9 tan r\u00e1pido puedo obtener financiaci\u00f3n?<\/strong><\/p>\n\n\n\n<p>En Kiva, usted tiene cierto control sobre la rapidez con la que recibe los fondos. Una vez que env\u00ede su solicitud, nuestro equipo se comunicar\u00e1 con usted para indicarle los pasos a seguir en un plazo de 10 a 15 d\u00edas h\u00e1biles. Si env\u00eda una buena fotograf\u00eda y una historia comercial, su solicitud pasar\u00e1 m\u00e1s r\u00e1pido por el proceso de revisi\u00f3n.<\/p>\n\n\n\n<p>Una vez que se apruebe su pr\u00e9stamo para la recaudaci\u00f3n de fondos, tendr\u00e1 15 d\u00edas para obtener apoyo de su propia red durante el Per\u00edodo de recaudaci\u00f3n de fondos privado y, luego, 30 d\u00edas para recaudar fondos p\u00fablicamente con la red m\u00e1s amplia de prestamistas de Kiva. Pero puede aumentar la velocidad de recaudaci\u00f3n de fondos y recibir los fondos antes aprovechando algunas de nuestras pautas de recaudaci\u00f3n de fondos&nbsp;<a href=\"http:\/\/www.kivaushub.org\/fundraising-disbursals\/\">aqu\u00ed<\/a>&nbsp;.<\/p>\n\n\n\n<p><br><br><a href=\"http:\/\/www.kivaushub.org\/fundraising-disbursals\/\"><\/a><\/p>\n","protected":false},"excerpt":{"rendered":"<p>wwwhttps:\/\/www.kiva.org\/borrow Financia colectivamente tu sue\u00f1o ycambia tu vida. Pr\u00e9stamos al 0% de inter\u00e9s parapeque\u00f1as empresas de EE. UU. EmpezarContinuar con la aplicaci\u00f3n Kiva es una organizaci\u00f3n sin fines de lucro que ampl\u00eda el acceso al capital para emprendedores de todo el mundo. M\u00e1s de 2,5 millones de personas han recaudado [&hellip;]<\/p>\n","protected":false},"author":1,"featured_media":0,"parent":0,"menu_order":0,"comment_status":"closed","ping_status":"closed","template":"","meta":{"footnotes":""},"class_list":["post-1501","page","type-page","status-publish","hentry"],"_links":{"self":[{"href":"http:\/\/www.klubat.net\/index.php\/wp-json\/wp\/v2\/pages\/1501","targetHints":{"allow":["GET"]}}],"collection":[{"href":"http:\/\/www.klubat.net\/index.php\/wp-json\/wp\/v2\/pages"}],"about":[{"href":"http:\/\/www.klubat.net\/index.php\/wp-json\/wp\/v2\/types\/page"}],"author":[{"embeddable":true,"href":"http:\/\/www.klubat.net\/index.php\/wp-json\/wp\/v2\/users\/1"}],"replies":[{"embeddable":true,"href":"http:\/\/www.klubat.net\/index.php\/wp-json\/wp\/v2\/comments?post=1501"}],"version-history":[{"count":4,"href":"http:\/\/www.klubat.net\/index.php\/wp-json\/wp\/v2\/pages\/1501\/revisions"}],"predecessor-version":[{"id":1516,"href":"http:\/\/www.klubat.net\/index.php\/wp-json\/wp\/v2\/pages\/1501\/revisions\/1516"}],"wp:attachment":[{"href":"http:\/\/www.klubat.net\/index.php\/wp-json\/wp\/v2\/media?parent=1501"}],"curies":[{"name":"wp","href":"https:\/\/api.w.org\/{rel}","templated":true}]}}